{"id":219,"date":"2020-06-19T15:14:22","date_gmt":"2020-06-19T13:14:22","guid":{"rendered":"https:\/\/musiquestmaixent.fr\/?page_id=219"},"modified":"2020-08-19T14:05:21","modified_gmt":"2020-08-19T12:05:21","slug":"fm-1","status":"publish","type":"page","link":"https:\/\/musiquestmaixent.fr\/?page_id=219","title":{"rendered":"FM 1"},"content":{"rendered":"\n<p>Ce cours est destin\u00e9 aux enfants de primaire qui d\u00e9couvrent la musique.<\/p>\n\n\n\n<p>On y aborde la lecture de partition, les notes, le rythme en lien avec la pratique instrumentale ainsi que la d\u00e9couverte de l&rsquo;univers musical.<\/p>\n\n\n\n<p>Ce cours permet \u00e9galement la d\u00e9couverte de la pratique d&rsquo;ensemble, vocal ou instrumental, afin de mettre en pratique les notions abord\u00e9es.<\/p>\n\n\n\n<p><\/p>\n","protected":false},"excerpt":{"rendered":"<p>Ce cours est destin\u00e9 aux enfants de primaire qui d\u00e9couvrent la musique. On y aborde la lecture de partition, les notes, le rythme en lien avec la pratique instrumentale ainsi que la d\u00e9couverte de l&rsquo;univers musical. Ce cours permet \u00e9galement la d\u00e9couverte de la pratique d&rsquo;ensemble, vocal ou instrumental, afin de mettre en pratique les &hellip; <\/p>\n<p class=\"link-more\"><a href=\"https:\/\/musiquestmaixent.fr\/?page_id=219\" class=\"more-link\">Continuer la lecture<span class=\"screen-reader-text\"> de &laquo;&nbsp;FM 1&nbsp;&raquo;<\/span><\/a><\/p>\n","protected":false},"author":1,"featured_media":0,"parent":0,"menu_order":0,"comment_status":"closed","ping_status":"closed","template":"","meta":{"footnotes":""},"class_list":["post-219","page","type-page","status-publish","hentry"],"_links":{"self":[{"href":"https:\/\/musiquestmaixent.fr\/index.php?rest_route=\/wp\/v2\/pages\/219","targetHints":{"allow":["GET"]}}],"collection":[{"href":"https:\/\/musiquestmaixent.fr\/index.php?rest_route=\/wp\/v2\/pages"}],"about":[{"href":"https:\/\/musiquestmaixent.fr\/index.php?rest_route=\/wp\/v2\/types\/page"}],"author":[{"embeddable":true,"href":"https:\/\/musiquestmaixent.fr\/index.php?rest_route=\/wp\/v2\/users\/1"}],"replies":[{"embeddable":true,"href":"https:\/\/musiquestmaixent.fr\/index.php?rest_route=%2Fwp%2Fv2%2Fcomments&post=219"}],"version-history":[{"count":2,"href":"https:\/\/musiquestmaixent.fr\/index.php?rest_route=\/wp\/v2\/pages\/219\/revisions"}],"predecessor-version":[{"id":236,"href":"https:\/\/musiquestmaixent.fr\/index.php?rest_route=\/wp\/v2\/pages\/219\/revisions\/236"}],"wp:attachment":[{"href":"https:\/\/musiquestmaixent.fr\/index.php?rest_route=%2Fwp%2Fv2%2Fmedia&parent=219"}],"curies":[{"name":"wp","href":"https:\/\/api.w.org\/{rel}","templated":true}]}}