{"id":214,"date":"2020-06-19T15:09:12","date_gmt":"2020-06-19T13:09:12","guid":{"rendered":"https:\/\/musiquestmaixent.fr\/?page_id=214"},"modified":"2022-05-11T16:53:07","modified_gmt":"2022-05-11T14:53:07","slug":"eveil","status":"publish","type":"page","link":"https:\/\/musiquestmaixent.fr\/?page_id=214","title":{"rendered":"\u00c9veil"},"content":{"rendered":"\n<p>L&rsquo;\u00e9cole de musique propose une activit\u00e9 d&rsquo;\u00e9veil musical destin\u00e9e aux plus petits. <\/p>\n\n\n\n<p>Notre objectif est la d\u00e9couverte des instruments et de l&rsquo;univers musical au travers d&rsquo;un cours collectif dirig\u00e9 par Fanny Hary.<\/p>\n\n\n\n<p>Nous travaillons la formation de l&rsquo;oreille, la pratique instrumentale, la motricit\u00e9, le chant au travers d&rsquo;activit\u00e9s ludiques et p\u00e9dagogiques. <\/p>\n","protected":false},"excerpt":{"rendered":"<p>L&rsquo;\u00e9cole de musique propose une activit\u00e9 d&rsquo;\u00e9veil musical destin\u00e9e aux plus petits. Notre objectif est la d\u00e9couverte des instruments et de l&rsquo;univers musical au travers d&rsquo;un cours collectif dirig\u00e9 par Fanny Hary. Nous travaillons la formation de l&rsquo;oreille, la pratique instrumentale, la motricit\u00e9, le chant au travers d&rsquo;activit\u00e9s ludiques et p\u00e9dagogiques.<\/p>\n","protected":false},"author":1,"featured_media":0,"parent":0,"menu_order":0,"comment_status":"closed","ping_status":"closed","template":"","meta":{"footnotes":""},"class_list":["post-214","page","type-page","status-publish","hentry"],"_links":{"self":[{"href":"https:\/\/musiquestmaixent.fr\/index.php?rest_route=\/wp\/v2\/pages\/214","targetHints":{"allow":["GET"]}}],"collection":[{"href":"https:\/\/musiquestmaixent.fr\/index.php?rest_route=\/wp\/v2\/pages"}],"about":[{"href":"https:\/\/musiquestmaixent.fr\/index.php?rest_route=\/wp\/v2\/types\/page"}],"author":[{"embeddable":true,"href":"https:\/\/musiquestmaixent.fr\/index.php?rest_route=\/wp\/v2\/users\/1"}],"replies":[{"embeddable":true,"href":"https:\/\/musiquestmaixent.fr\/index.php?rest_route=%2Fwp%2Fv2%2Fcomments&post=214"}],"version-history":[{"count":3,"href":"https:\/\/musiquestmaixent.fr\/index.php?rest_route=\/wp\/v2\/pages\/214\/revisions"}],"predecessor-version":[{"id":604,"href":"https:\/\/musiquestmaixent.fr\/index.php?rest_route=\/wp\/v2\/pages\/214\/revisions\/604"}],"wp:attachment":[{"href":"https:\/\/musiquestmaixent.fr\/index.php?rest_route=%2Fwp%2Fv2%2Fmedia&parent=214"}],"curies":[{"name":"wp","href":"https:\/\/api.w.org\/{rel}","templated":true}]}}