{"id":133,"date":"2019-12-20T11:56:02","date_gmt":"2019-12-20T10:56:02","guid":{"rendered":"https:\/\/musiquestmaixent.fr\/?page_id=133"},"modified":"2024-09-23T18:14:03","modified_gmt":"2024-09-23T16:14:03","slug":"lequipe-pedagogique","status":"publish","type":"page","link":"https:\/\/musiquestmaixent.fr\/?page_id=133","title":{"rendered":"L&rsquo;\u00e9quipe p\u00e9dagogique"},"content":{"rendered":"\n<p><strong>J\u00e9r\u00f4me Bondurand<\/strong><\/p>\n\n\n<div class=\"wp-block-image\">\n<figure class=\"alignright size-large is-resized\"><img loading=\"lazy\" decoding=\"async\" width=\"719\" height=\"480\" src=\"http:\/\/ecole.hdnetwork.fr\/wp-content\/uploads\/2020\/09\/Photo-JB-Fribenz-Hangar.jpg\" alt=\"\" class=\"wp-image-265\" style=\"width:262px;height:175px\" srcset=\"https:\/\/musiquestmaixent.fr\/wp-content\/uploads\/2020\/09\/Photo-JB-Fribenz-Hangar.jpg 719w, https:\/\/musiquestmaixent.fr\/wp-content\/uploads\/2020\/09\/Photo-JB-Fribenz-Hangar-300x200.jpg 300w\" sizes=\"auto, (max-width: 719px) 100vw, 719px\" \/><\/figure>\n<\/div>\n\n\n<p>Musicien dipl\u00f4m\u00e9 du conservatoire de Niort (DEM Jazz), du Centre Musical et Cr\u00e9atif de Nancy et \u00e9l\u00e8ve du guitariste Pierre Cullaz.<br>De nombreuses exp\u00e9riences p\u00e9dagogiques et sc\u00e9niques dans des styles aussi divers que le jazz, le blues, le funk et les musiques actuelles lui permettent de proposer des cours de guitare (\u00e9lectrique, acoustique, basse et ukul\u00e9l\u00e9) adapt\u00e9s et motivants.<\/p>\n\n\n\n<p><strong>Camille Courroux<\/strong><\/p>\n\n\n\n<p>Musicienne dipl\u00f4m\u00e9e des conservatoires de Poitiers, de Rennes et du Centre d\u2019\u00c9tudes Sup\u00e9rieures de Musique et de Danse de Poitou-Charentes, Camille Courroux pratique le violon \u00e0 travers diff\u00e9rents r\u00e9pertoires (classique, baroque, rock et musiques orientales).<\/p>\n\n\n\n<p>Ses cours s&rsquo;adressent \u00e0 tous, d\u00e9butants, confirm\u00e9s, enfants ou adultes.<\/p>\n\n\n\n<hr class=\"wp-block-separator has-css-opacity\"\/>\n\n\n\n<p><\/p>\n\n\n\n<p><strong>Fanny Hary <\/strong><\/p>\n\n\n<div class=\"wp-block-image\">\n<figure class=\"alignright size-large is-resized\"><img loading=\"lazy\" decoding=\"async\" width=\"763\" height=\"1024\" src=\"http:\/\/ecole.hdnetwork.fr\/wp-content\/uploads\/2020\/08\/P1060142-763x1024.jpg\" alt=\"\" class=\"wp-image-254\" style=\"width:159px;height:213px\" srcset=\"https:\/\/musiquestmaixent.fr\/wp-content\/uploads\/2020\/08\/P1060142-763x1024.jpg 763w, https:\/\/musiquestmaixent.fr\/wp-content\/uploads\/2020\/08\/P1060142-224x300.jpg 224w, https:\/\/musiquestmaixent.fr\/wp-content\/uploads\/2020\/08\/P1060142-768x1030.jpg 768w, https:\/\/musiquestmaixent.fr\/wp-content\/uploads\/2020\/08\/P1060142-1145x1536.jpg 1145w, https:\/\/musiquestmaixent.fr\/wp-content\/uploads\/2020\/08\/P1060142.jpg 1259w\" sizes=\"auto, (max-width: 706px) 89vw, (max-width: 767px) 82vw, 740px\" \/><\/figure>\n<\/div>\n\n\n<p>Musicienne dipl\u00f4m\u00e9e du conservatoire de Douai et de la fac de musicologie de Lille 3, Fanny Hary propose des cours d&rsquo;\u00e9veil, formation musicale, chorale, piano et chant au sein de l&rsquo;\u00e9cole de musique de Saint Maixent.<\/p>\n\n\n\n<p>Passionn\u00e9e de musique depuis son plus jeune \u00e2ge et riche de nombreuses exp\u00e9riences p\u00e9dagogiques et musicales allant de la musique classique \u00e0 la musique actuelle et au rock, elle aide chaque \u00e9l\u00e8ve \u00e0 progresser et \u00e0 s&rsquo;\u00e9panouir dans la discipline et le style musical de son choix.<\/p>\n\n\n\n<p><\/p>\n\n\n\n<hr class=\"wp-block-separator has-css-opacity\"\/>\n\n\n\n<p class=\"has-text-align-left\"><\/p>\n","protected":false},"excerpt":{"rendered":"<p>J\u00e9r\u00f4me Bondurand Musicien dipl\u00f4m\u00e9 du conservatoire de Niort (DEM Jazz), du Centre Musical et Cr\u00e9atif de Nancy et \u00e9l\u00e8ve du guitariste Pierre Cullaz.De nombreuses exp\u00e9riences p\u00e9dagogiques et sc\u00e9niques dans des styles aussi divers que le jazz, le blues, le funk et les musiques actuelles lui permettent de proposer des cours de guitare (\u00e9lectrique, acoustique, basse &hellip; <\/p>\n<p class=\"link-more\"><a href=\"https:\/\/musiquestmaixent.fr\/?page_id=133\" class=\"more-link\">Continuer la lecture<span class=\"screen-reader-text\"> de &laquo;&nbsp;L&rsquo;\u00e9quipe p\u00e9dagogique&nbsp;&raquo;<\/span><\/a><\/p>\n","protected":false},"author":1,"featured_media":0,"parent":118,"menu_order":0,"comment_status":"closed","ping_status":"closed","template":"","meta":{"footnotes":""},"class_list":["post-133","page","type-page","status-publish","hentry"],"_links":{"self":[{"href":"https:\/\/musiquestmaixent.fr\/index.php?rest_route=\/wp\/v2\/pages\/133","targetHints":{"allow":["GET"]}}],"collection":[{"href":"https:\/\/musiquestmaixent.fr\/index.php?rest_route=\/wp\/v2\/pages"}],"about":[{"href":"https:\/\/musiquestmaixent.fr\/index.php?rest_route=\/wp\/v2\/types\/page"}],"author":[{"embeddable":true,"href":"https:\/\/musiquestmaixent.fr\/index.php?rest_route=\/wp\/v2\/users\/1"}],"replies":[{"embeddable":true,"href":"https:\/\/musiquestmaixent.fr\/index.php?rest_route=%2Fwp%2Fv2%2Fcomments&post=133"}],"version-history":[{"count":17,"href":"https:\/\/musiquestmaixent.fr\/index.php?rest_route=\/wp\/v2\/pages\/133\/revisions"}],"predecessor-version":[{"id":682,"href":"https:\/\/musiquestmaixent.fr\/index.php?rest_route=\/wp\/v2\/pages\/133\/revisions\/682"}],"up":[{"embeddable":true,"href":"https:\/\/musiquestmaixent.fr\/index.php?rest_route=\/wp\/v2\/pages\/118"}],"wp:attachment":[{"href":"https:\/\/musiquestmaixent.fr\/index.php?rest_route=%2Fwp%2Fv2%2Fmedia&parent=133"}],"curies":[{"name":"wp","href":"https:\/\/api.w.org\/{rel}","templated":true}]}}